44/27 - (-1)/u. Suppose 0 = j*s - 41 - 4. What is the remainder when 15 is divided by s?
6
Let t(c) = -6*c**2 + c + 1. Let f be t(2). Let d = -6 - f. Let j(m) = -10*m + 3. Calculate the remainder when j(-4) is divided by d.
13
Suppose o - 3 = 10. Suppose 0 = 2*z - 6*z - 32. Let r = z - -13. Calculate the remainder when o is divided by r.
3
Let i(s) = -2*s + 7. Let a be i(7). Let b = a + 10. Let o = 5 + -1. Calculate the remainder when o is divided by b.
1
Suppose 53 = 2*v + 5*k, 4*k - 3 = 3*k. Calculate the remainder when 63 is divided by v.
6
Suppose -5*x + 3*n = -122 + 37, -2*n = 0. Calculate the remainder when x is divided by 5.
2
Let u(h) = h**2 - h + 1. What is the remainder when u(3) is divided by -3 + 3 - (-7 + 3)?
3
Let c(d) = d**2 - 6*d + 1. Let h be c(3). Let q(i) = i**3 + 8*i**2 - 7*i + 8. Calculate the remainder when q(h) is divided by 17.
13
Suppose u = 2*z + 2*z - 45, -59 = -5*z + 4*u. Let x(j) = 22*j - 3*j + 0 + j + 1. Calculate the remainder when x(1) is divided by z.
10
Suppose 5*f = 27 - 12. Suppose -10 = -2*v, -f*q = v + 22 - 159. What is the remainder when q is divided by 23?
21
Let k(s) = s**3 + 7*s**2 + 6*s + 8. Let g be (-1)/(-4) - (-1)/(-4). Let f = -6 - g. Calculate the remainder when k(f) is divided by 3.
2
Suppose 2*f - 66 = -0*f. Calculate the remainder when 98 is divided by f.
32
Let a(g) = -38*g - 1. What is the remainder when a(-1) is divided by 13?
11
Let l = -49 - -69. Calculate the remainder when 118 is divided by l.
18
Suppose 5*l - 299 - 71 = 0. Calculate the remainder when l is divided by 20.
14
What is the remainder when 287/5 + -2 + (-40)/(-25) is divided by 16?
9
Let o(v) = 6*v - 1. Let i be o(4). Suppose 0 = -g - i + 69. What is the remainder when g is divided by 16?
14
Let n = 184 + -106. What is the remainder when n is divided by 16?
14
Suppose -6*d - 3 = 2*l - d, 27 = 2*l - 5*d. What is the remainder when 11 is divided by l?
5
Calculate the remainder when ((-240)/(-36))/((-2)/(-12)) is divided by 114/8 + (-2)/8.
12
Suppose 0*a + 5*a - 10 = 5*t, -2*a + 29 = 3*t. Let r(p) = -2*p**2 + p + 4. Let w be r(-3). Let d = 30 + w. Calculate the remainder when d is divided by a.
6
Let s(z) = z**3 + 8*z**2 + 4*z + 4. Suppose -31*c + 14 = -30*c. What is the remainder when s(-6) is divided by c?
10
Let k(b) = b**3 + 8*b**2 - 5*b - 2. What is the remainder when k(-8) is divided by 8?
6
Suppose -c - 3*m + 9 = -7*m, -2*c + m + 11 = 0. Suppose 10 = c*n - 10*n. Calculate the remainder when 4*15*n/(-5) is divided by 13.
11
Let l(s) = s**3 - s + 10. Let n = 6 + -6. What is the remainder when 18 is divided by l(n)?
8
Let s(f) = 2*f**3 - f**2 + 2. Let p be s(2). Suppose p + 1 = n. Suppose 2*y + 11 = 2*a + 33, -n = -y + 2*a. Calculate the remainder when 13 is divided by y.
6
Let p(l) = 23*l + 2. Suppose -4*c + 95 = 5*v, 2*c + 3*v = -2*v + 45. Calculate the remainder when p(2) is divided by c.
23
Suppose -2*v - 208 = -4*z, 149 = -0*z + 3*z - 5*v. Suppose 0 = 4*q - 2*q - 28. Calculate the remainder when z is divided by q.
11
Suppose -5*z + 1 - 2 = -2*u, 3*u + 5*z = 14. Suppose -a + 32 = 5*x, -72 = -u*a - x - 2*x. What is the remainder when a is divided by 6?
4
Let g(o) = o. Let c(z) = 7*z + 4. Let u(w) = c(w) - 2*g(w). What is the remainder when u(5) is divided by 10?
9
Let l be (4/(-1))/((-2)/(-4)). Let j be -1*((2 - 2) + l). Calculate the remainder when 3 is divided by ((-15)/10)/((-6)/j).
1
Suppose 6*j - 731 = 343. Calculate the remainder when j is divided by 46.
41
Let d = -60 + 117. Suppose -d = -6*m + 3*m. What is the remainder when m is divided by 11?
8
Let v(u) = -u**2 - 6. Let b be v(-5). Let a = b - -43. Suppose w - a = -w. What is the remainder when 17 is divided by w?
5
Let o(m) = 3*m**2 + m - 6. Let v(l) = l**2 + l - 3. Let u(b) = 3*o(b) - 7*v(b). Calculate the remainder when u(3) is divided by 6.
3
Let x = 12 - 26. Let n be x/(-8) + 2/8. Suppose -n*b + 4*w = -90, 0 = -5*b - 3*w + 240 - 67. Calculate the remainder when b is divided by 13.
11
Let c(o) = o + 12. Calculate the remainder when 43 is divided by c(-7).
3
Suppose -5*d - 2*x = -x, -4*d = x - 1. Let o(t) = 21*t**2 + t + 1. Calculate the remainder when 41 is divided by o(d).
20
Let c be -21 - (-1)/(1 + 0). Let z be (-2812)/c + (-2)/(-5). Suppose -z = i - 4*i. Calculate the remainder when i is divided by 24.
23
Let j(x) be the first derivative of -x**4/2 - x**3/3 - 3*x**2/2 - 2*x + 6. Calculate the remainder when j(-2) is divided by (8 - (0 - 0)) + 1.
7
Suppose -2*i - 23 + 25 = 0. Calculate the remainder when 3 is divided by i.
0
Let j(r) = -r + 12. Let c be j(8). Suppose 46 - 122 = -c*m. Calculate the remainder when 37 is divided by m.
18
Suppose 7*u - 3*u = 16. What is the remainder when 1/(-6) - (793/(-6))/13 is divided by u?
2
Suppose q + 17 = 66. Suppose 0 = 4*l + d - 292 + q, 300 = 5*l + 2*d. Calculate the remainder when l is divided by 16.
14
Let p(h) = h**2 + 7*h + 14. Let k(o) = 5*o**2 + 27*o + 56. Let l(b) = -2*k(b) + 9*p(b). Calculate the remainder when 7 is divided by l(10).
3
Suppose 2*v - 56 = -8. Suppose -3*f + 0 + v = 0. Calculate the remainder when f is divided by (10/(-4))/(-5 + (-72)/(-16)).
3
Suppose -5*b + 7*b + 3*f = 4, -14 = -4*b - 3*f. Suppose -3*r - p - 5 = -4*r, r + 4*p + 5 = 0. Calculate the remainder when b is divided by r.
2
Let d(f) = -4*f - 1. Let b = 51 - 48. Calculate the remainder when d(-2) is divided by b.
1
Let n be (-2 - -1)/(2/(-8)). Suppose -b + 2 = 0, -n*h - 3*b + 22 = -2*b. Calculate the remainder when h is divided by 2.
1
Let m(w) = 5*w + 2. Let j = 50 - 87. Let l = j + 71. What is the remainder when l is divided by m(2)?
10
Let u(c) = -7*c**3 + 19*c**2 - 2*c - 4. Let f(z) = -3*z**3 + 9*z**2 - z - 2. Let h(y) = -5*f(y) + 2*u(y). What is the remainder when 16 is divided by h(7)?
7
Let m(u) = u**3 + 10*u**2 + 5*u + 5. What is the remainder when m(-8) is divided by 16?
13
Suppose 5*h - 26 = 19. Suppose 5*u - 62 - 18 = 0. Calculate the remainder when u is divided by h.
7
Suppose 4*c + 10 - 122 = 0. Suppose 0*p = -2*p + c. Let z = p - 6. Calculate the remainder when 23 is divided by z.
7
Let t(p) = 15*p - 5. What is the remainder when 34 is divided by t(1)?
4
Let d = 203 + -124. What is the remainder when d is divided by 10?
9
Suppose -x - 2 = -2*x. Suppose d = -x*d. Suppose -3*r + 12 = -d*r. What is the remainder when 10 is divided by r?
2
Let u = -21 - -123. Let b = u - 60. Calculate the remainder when b is divided by 22.
20
Let b = 5 + 21. What is the remainder when 91 is divided by b?
13
Let x be (-22 + 2 + 1)*-3. Suppose 0*y + 5*m = -y + x, 0 = -2*m + 6. What is the remainder when y is divided by 22?
20
Let b = 59 - 38. What is the remainder when 40 is divided by b?
19
Let t = 13 - 6. Suppose -x - 10 - t = -3*u, -4*u + 36 = -4*x. Suppose g + 1 - u = 0. What is the remainder when 10 is divided by g?
1
Let j = 11 + -11. Let b(l) = l**2 - l + 17. Calculate the remainder when 66 is divided by b(j).
15
Let k(d) = -d + 16. Let r be k(13). Suppose 4*g - 5 - r = 0. Suppose 5*b = -4*l - 10 + 41, 4 = l. What is the remainder when b is divided by g?
1
Let d be 464/18 + (-8)/(-36). Calculate the remainder when 37 is divided by (-1)/2*d/(-1).
11
Suppose 0 = -f - f + 10. Suppose -47 - 123 = -f*u. What is the remainder when u is divided by 18?
16
Let o be (-306)/(-4) + 3/(-2). Let m = o + -41. Suppose 0 = -2*n + 3*x + 36, x + 10 + 6 = n. What is the remainder when m is divided by n?
10
Let g(j) = j**2 - j + 1. Let f be g(2). Suppose f*c + 6*n - n - 14 = 0, 4*n - 10 = -2*c. Calculate the remainder when (-1*3/9)/((-2)/42) is divided by c.
1
Suppose 2*q - 55 = -3*q. Let s(l) = -l + 2. Let w be s(0). Suppose -3*f = -k - 18, 5*f - 3*f - 12 = -w*k. Calculate the remainder when q is divided by f.
5
Suppose 0 = 4*x - 2*f + 6 + 8, 3*f - 17 = 4*x. Suppose 0 = -4*h + 10*h - 42. What is the remainder when 13 is divided by x/h - (-174)/21?
5
Suppose u = 1 + 6. Suppose -n - 4 + 15 = 4*b, 0 = -5*n + 4*b - 17. What is the remainder when -1*19*n - -1 is divided by u?
6
Suppose -3*f + 581 = 5*z, 4*z - 990 = -4*f - f. Calculate the remainder when f is divided by 29.
28
Let f(a) = a**3 - 7*a**2 + 6*a + 5. Calculate the remainder when f(6) is divided by 4.
1
Suppose o = 2*p - 3*p + 7, 0 = -3*o - 6. Let y be (-1 - (-10)/6)*p. Calculate the remainde